 - 3130194. Give g(-470).
6
Let w(o) = 5*o**2 + 968*o - 27809. Calculate w(-219).
4
Let w(m) = -m**2 - 388411*m + 61782620. Determine w(159).
-10
Let g(u) = -5038*u + 95755. Give g(19).
33
Let j(n) = -n**3 - 98*n**2 - 523*n + 112. Determine j(-6).
-62
Let t(b) = -b**2 - 94*b + 20499. What is t(-197)?
208
Let w(i) = -129*i - 33. Give w(2).
-291
Let n(c) = -153*c - 114. What is n(5)?
-879
Let m(z) = 15*z**2 + 575*z - 6132. Give m(-47).
-22
Let b(d) = 36881*d - 147507. Calculate b(4).
17
Let g(z) = -27*z**2 + 2305*z + 1706. What is g(86)?
244
Let l(x) = x**3 + 16*x**2 - 1465*x - 103. Determine l(31).
-351
Let w(j) = -17238*j - 66211. Give w(-4).
2741
Let f(a) = -333*a - 7651. Give f(-23).
8
Let j(a) = -1300*a**2 - 70211*a - 584. Determine j(-54).
10
Let v(j) = 27*j**2 + 176*j - 2. What is v(-6)?
-86
Let n(d) = -285203*d + 17967779. Calculate n(63).
-10
Let x(r) = -3*r**2 + 2066*r + 1082271. What is x(-348)?
-9
Let k(d) = 14*d**3 - 33*d**2 - 238*d + 2. Determine k(-3).
41
Let t(c) = 1056*c + 172143. Calculate t(-163).
15
Let a(h) = -2*h**2 + 1804*h - 323576. Give a(247).
-6
Let y(h) = -3*h**3 + 124*h**2 - 136*h - 1085. What is y(40)?
-125
Let s(g) = g**2 + 32*g - 2173. What is s(35)?
172
Let x(v) = v**3 + 129*v**2 + 3827*v + 7237. Determine x(-42).
-29
Let o(p) = 1786*p + 22865. Give o(-13).
-353
Let g(w) = 216*w**2 + 112*w - 94. Calculate g(0).
-94
Let g(n) = 9*n**2 + 6196*n - 79259. What is g(-701)?
-46
Let h(y) = y**3 + 10*y**2 - 3*y + 601. What is h(-13)?
133
Let s(p) = 9*p**3 - 482*p**2 - 2326*p + 335. Calculate s(58).
-13
Let j(d) = -d**2 - 418*d - 21444. What is j(-59)?
-263
Let z(d) = -45*d**2 - 716*d - 2579. What is z(-5)?
-124
Let d(f) = -f**3 - 18*f**2 - 13*f - 9. Determine d(0).
-9
Let r(j) = -3936*j + 295198. Calculate r(75).
-2
Let n(w) = -w**3 - 14*w**2 + 77*w + 748. Give n(-16).
28
Let h(k) = 23888*k + 191143. Calculate h(-8).
39
Let n(d) = 35*d**2 - 668*d + 77. Determine n(19).
20
Let w(i) = -18*i - 2842. Give w(-150).
-142
Let z(p) = 36*p + 1875. What is z(-48)?
147
Let h(f) = 9*f**2 + 2987*f - 11934. Give h(4).
158
Let g(h) = 914*h - 4810. Calculate g(5).
-240
Let z(j) = 319*j**2 - 650*j - 18. Determine z(2).
-42
Let y(i) = -i**3 + 229*i**2 + 1837*i - 369606. Give y(230).
4
Let z(p) = 2*p**3 + 71*p**2 + 40*p - 849. Calculate z(-4).
-1
Let o(x) = 2654*x**2 - 31832*x + 23. What is o(12)?
215
Let b(o) = 5*o**2 - 4493*o + 151119. Determine b(35).
-11
Let d(j) = -j**2 + 46*j + 13845. Calculate d(-96).
213
Let a(y) = 1316175*y + 7897072. Calculate a(-6).
22
Let k(v) = -2*v**3 + 267*v**2 + 2880*v + 93. Calculate k(-10).
-7
Let x(j) = 444*j - 1157. Calculate x(4).
619
Let v(r) = -56336*r - 338042. Calculate v(-6).
-26
Let p(s) = 2*s**3 - 182*s**2 + 1156*s + 1060. Calculate p(84).
-620
Let d(o) = o**3 - 97*o**2 - 536*o + 1890. Determine d(102).
-762
Let l(u) = -292*u**3 + 73*u**2 + 158*u + 88. Give l(-1).
295
Let r(c) = -269*c**2 - 10293*c - 21932. Determine r(-36).
-8
Let q(f) = -3139*f - 351574. Give q(-112).
-6
Let y(q) = q**3 - 261*q**2 + q - 68992. Determine y(262).
-86
Let a(b) = -61*b + 774. Calculate a(16).
-202
Let b(n) = n**3 + 78*n**2 + 489*n + 38128. Give b(-78).
-14
Let n(c) = 230*c + 62126. What is n(-270)?
26
Let f(k) = -4007*k + 443. Calculate f(0).
443
Let t(z) = -17*z**2 + 1272*z - 8913. Determine t(67).
-2
Let j(k) = 546*k - 15792. Give j(29).
42
Let x(w) = -w**3 + 11*w**2 - 172*w + 2429. What is x(13)?
-145
Let j(s) = -3*s**2 - 1055*s + 3906. Determine j(-355).
356
Let t(j) = -10*j**2 - 1266*j - 219. Calculate t(-125).
1781
Let o(q) = -q**3 + 130*q**2 + 522*q - 16176. Calculate o(133).
183
Let b(o) = -5*o**3 - 55*o**2 + 355*o + 3564. Determine b(-10).
-486
Let b(z) = -45251*z + 1810018. Calculate b(40).
-22
Let a(v) = -5990*v + 107840. Calculate a(18).
20
Let k(v) = -v**2 + 5040*v - 25143. Calculate k(5).
32
Let x(l) = 28516*l - 2053162. Calculate x(72).
-10
Let m(g) = -g**2 - 36*g - 2185. Give m(0).
-2185
Let a(i) = 9*i**3 - 56*i**2 - 179*i + 1361. What is a(7)?
451
Let i(f) = 2*f**3 - 59*f**2 - 21*f + 1578. Calculate i(29).
128
Let h(m) = -15632*m - 187651. Calculate h(-12).
-67
Let p(c) = 3622*c - 347696. Calculate p(96).
16
Let k(t) = t**3 + 56*t**2 - 96*t - 1701. What is k(-57)?
522
Let j(k) = k**2 - 14147*k - 99039. What is j(-7)?
39
Let l(r) = -4*r**3 + 38*r**2 + 74*r - 938. Give l(6).
10
Let w(l) = -15*l**2 - 107952*l - 107951. Give w(-1).
-14
Let y(t) = 1230078*t + 6150385. What is y(-5)?
-5
Let i(f) = f**3 + 87*f**2 - 7*f - 141. Give i(0).
-141
Let s(l) = -l**3 + 1035*l**2 - 30150*l + 33. Calculate s(30).
33
Let a(d) = -7*d**2 + 7422*d - 22258. What is a(3)?
-55
Let k(v) = -6*v**3 + 262*v**2 - 252*v + 3431. Determine k(43).
-9
Let i(l) = l**3 - 5152*l**2 + 295455*l - 177. What is i(58)?
-3
Let s(u) = 2*u**2 + 260*u + 5317. Give s(-102).
-395
Let l(x) = 4*x**3 - 198*x**2 - 115*x + 169. What is l(50)?
-581
Let y(l) = -1505*l**2 + 77*l - 17. Determine y(-1).
-1599
Let i(q) = q**3 + 312*q**2 + 14930*q + 622. What is i(-253)?
-137
Let h(o) = -5*o**2 + 769*o - 28442. What is h(92)?
-14
Let n(r) = -81*r**3 - 18871*r**2 + 466*r - 4. Give n(-233).
-4
Let c(i) = 56*i - 2924. Give c(40).
-684
Let r(s) = -s**3 - 64*s**2 + 1564*s + 271. Determine r(19).
24
Let x(t) = 33171*t + 364862. Give x(-11).
-19
Let g(r) = -32*r**2 - 10628*r - 1264. Give g(-332).
64
Let p(d) = -6*d**3 + 11*d**2 + 463*d - 37. Give p(-8).
35
Let s(r) = 28*r**2 - 164*r - 1499. Determine s(-10).
2941
Let v(l) = -62*l**2 + 1304*l - 6812. Give v(11).
30
Let c(y) = -34*y**3 - y**2 - 501*y - 993. What is c(-2)?
277
Let i(z) = -9*z**2 + 262*z + 1191. Give i(33).
36
Let g(d) = -56*d + 4723. Determine g(68).
915
Let k(v) = -396282*v + 17832699. Determine k(45).
9
Let b(l) = 3*l**3 - 884*l**2 - 7639*l + 2166474. Calculate b(295).
-6
Let b(v) = 2*v**3 + 29*v**2 - 2041*v - 27015. What is b(-13)?
25
Let n(w) = -89019*w + 42. What is n(0)?
42
Let h(o) = -97994*o - 1077915. Give h(-11).
19
Let o(w) = 74*w**2 + 2917*w + 3891. Determine o(-38).
-99
Let f(j) = 195311*j - 1562475. Determine f(8).
13
Let v(i) = -i**3 + 1011*i**2 + 42033*i + 7355. Give v(1051).
-2
Let q(s) = -s**2 + 510*s - 20905. Give q(45).
20
Let s(l) = -l**3 + 42*l**2 + 143*l - 408. What is s(45)?
-48
Let n(m) = m**3 - 67*m**2 + 1765*m - 25204. Give n(38).
-10
Let c(k) = -338*k - 178155. What is c(-527)?
-29
Let r(q) = 3*q**3 - 2111*q - 4218. Determine r(-2).
-20
Let z(v) = 5336*v - 37357. What is z(7)?
-5
Let d(u) = -u**2 - 8494*u + 1801099. What is d(207)?
-8
Let d(y) = 16811*y**2 + 50597*y + 493. Calculate d(-3).
1
Let a(d) = 6229*d + 491962. Calculate a(-79).
-129
Let a(y) = -10479*y + 115268. Determine a(11).
-1
Let s(v) = -v**2 + 30297*v - 212017. What is s(7)?
13
Let x(w) = -10*w**2 + 1295*w + 122531. Calculate x(193).
-24
Let x(p) = -42625*p - 85292. What is x(-2)?
-42
Let d(o) = -88*o**2 + 5316*o - 30486. Give d(54).
-30
Let p(r) = 3*r**3 + 460*r**2 - 600*r - 44956. Calculate p(-154).
12
Let z(m) = -3*m**3 - 66*m**2 + 183*m - 1061. Give z(-25).
-11
Let m(z) = -z**3 + 7*z**2 - 269966*z + 1079832. Calculate m(4).
16
Let g(s) = 54746*s + 2244577. Give g(-41).
-9
Let w(p) = -434*p + 25880. Determine w(60).
-160
Let q(s) = -20403*s - 183004. What is q(-9)?
623
Let k(w) = 2*w**3 + 123*w**2 - 888*w - 215. What is k(-68)?
57
Let u(p) = -p**2 - 31694*p - 126726. Determine u(-4).
34
Let t(q) = q**3 + 9*q**2 + 13*q - 17. Give t(-9).
-134
Let z(r) = -2*r**3 + 103*r**2 + 292*r - 19. Calculate z(54).
1169
Let m(h) = 203*h**2 - 1098*h - 535. Determine m(6).
185
Let w(j) = -143*j**2 + 5873*j - 383. Calculate w(41).
27
Let q(b) = b**2 - 2700*b + 1491879. Give q(775).
4
Let o(k) = 213*k + 31098. What is o(-146)?
0
Let v(a) = 6*a**2 - 126*a + 1154. Calculate v(17).
746
Let i(z) = 80*z**2 - 6557*z - 358. Calculate i(82).
-112
Let v(d) = 1328*d + 60385. Calculate v(-45).
625
Let u(j) = -165226*j - 3965404. Calculate u(-24).
20
Let y(m) = 592*m**2 + 21902*m - 67. Calculate y(-37).
7
Let v(n) = -4852886*n + 24264457. What is v(5)?
27
Let p(s) = s**3 + 490*s**2 - 320*s - 632485. Give p(-488).
-37
Let i(g) = 2*g**2 - 879*g + 14769. What is i(422)?
-1
Let v(s) = 50*s**2 - 857*s + 1513. Give v(2).
-1
Let x(y) = 8*y + 3155. Calculate x(-21).
2987
Let m(c) = -4*c**3 - 24*c**2 + 17*c + 220. What is m(-6)?
118
Let r(